{"version":"1.0","provider_name":"STANEK &amp; BRAND","provider_url":"http:\/\/stanekbrandmeir.flostanek.at\/en","author_name":"stanek&amp;brand","author_url":"http:\/\/stanekbrandmeir.flostanek.at\/en\/author\/stanekbrandmeir\/","title":"Stanek Brand Jahresr\u00fcckblick 2022 - STANEK &amp; BRAND","type":"rich","width":600,"height":338,"html":"<blockquote class=\"wp-embedded-content\" data-secret=\"I0lymayMv5\"><a href=\"http:\/\/stanekbrandmeir.flostanek.at\/en\/2023\/01\/10\/stanek-brand-jahresrueckblick-2022\/\">Stanek Brand Jahresr\u00fcckblick 2022<\/a><\/blockquote><iframe sandbox=\"allow-scripts\" security=\"restricted\" src=\"http:\/\/stanekbrandmeir.flostanek.at\/en\/2023\/01\/10\/stanek-brand-jahresrueckblick-2022\/embed\/#?secret=I0lymayMv5\" width=\"600\" height=\"338\" title=\"&#8220;Stanek Brand Jahresr\u00fcckblick 2022&#8221; &#8212; STANEK &amp; BRAND\" data-secret=\"I0lymayMv5\" frameborder=\"0\" marginwidth=\"0\" marginheight=\"0\" scrolling=\"no\" class=\"wp-embedded-content\"><\/iframe><script type=\"text\/javascript\">\n\/* <![CDATA[ *\/\n\/*! This file is auto-generated *\/\n!function(d,l){\"use strict\";l.querySelector&&d.addEventListener&&\"undefined\"!=typeof URL&&(d.wp=d.wp||{},d.wp.receiveEmbedMessage||(d.wp.receiveEmbedMessage=function(e){var t=e.data;if((t||t.secret||t.message||t.value)&&!\/[^a-zA-Z0-9]\/.test(t.secret)){for(var s,r,n,a=l.querySelectorAll('iframe[data-secret=\"'+t.secret+'\"]'),o=l.querySelectorAll('blockquote[data-secret=\"'+t.secret+'\"]'),c=new RegExp(\"^https?:$\",\"i\"),i=0;i<o.length;i++)o[i].style.display=\"none\";for(i=0;i<a.length;i++)s=a[i],e.source===s.contentWindow&&(s.removeAttribute(\"style\"),\"height\"===t.message?(1e3<(r=parseInt(t.value,10))?r=1e3:~~r<200&&(r=200),s.height=r):\"link\"===t.message&&(r=new URL(s.getAttribute(\"src\")),n=new URL(t.value),c.test(n.protocol))&&n.host===r.host&&l.activeElement===s&&(d.top.location.href=t.value))}},d.addEventListener(\"message\",d.wp.receiveEmbedMessage,!1),l.addEventListener(\"DOMContentLoaded\",function(){for(var e,t,s=l.querySelectorAll(\"iframe.wp-embedded-content\"),r=0;r<s.length;r++)(t=(e=s[r]).getAttribute(\"data-secret\"))||(t=Math.random().toString(36).substring(2,12),e.src+=\"#?secret=\"+t,e.setAttribute(\"data-secret\",t)),e.contentWindow.postMessage({message:\"ready\",secret:t},\"*\")},!1)))}(window,document);\n\/\/# sourceURL=http:\/\/stanekbrandmeir.flostanek.at\/wp-includes\/js\/wp-embed.min.js\n\/* ]]> *\/\n<\/script>","thumbnail_url":"https:\/\/i0.wp.com\/stanekbrandmeir.flostanek.at\/wp-content\/uploads\/2023\/01\/Stanek-Brand-Rueckblick2022.jpg?fit=1662%2C1056&ssl=1","thumbnail_width":1662,"thumbnail_height":1056,"description":"Wir freuen uns sehr, dass unsere St\u00fccke im Jahr 2022 an so vielen Orten zu sehen waren &#8211; konkret im gesamten deutschsprachigen Raum! Ein kleiner Jahresr\u00fcckblick: Im J\u00e4nner 2022 fanden noch Vorstellungen von &#8222;Die f\u00fcrchterlichen F\u00fcnf&#8220; an der Jungen B\u00fchne Bern statt, einem bezaubernden Jugendtheater, tats\u00e4chlich &#8222;unter einer Br\u00fccke&#8220; (wie im St\u00fcck) gelegen und inRead More"}

Stanek Brand Jahresrückblick 2022 - STANEK &amp; BRAND

<blockquote class="wp-embedded-content" data-secret="I0lymayMv5"><a href="http://stanekbrandmeir.flostanek.at/en/2023/01/10/stanek-brand-jahresrueckblick-2022/">Stanek Brand Jahresrückblick 2022</a></blockquote><iframe sandbox="allow-scripts" security="restricted" src="http://stanekbrandmeir.flostanek.at/en/2023/01/10/stanek-brand-jahresrueckblick-2022/embed/#?secret=I0lymayMv5" width="600" height="338" title="&#8220;Stanek Brand Jahresrückblick 2022&#8221; &#8212; STANEK &amp; BRAND" data-secret="I0lymayMv5" frameborder="0" marginwidth="0" marginheight="0" scrolling="no" class="wp-embedded-content"></iframe><script type="text/javascript">
/* <![CDATA[ */
/*! This file is auto-generated */
!function(d,l){"use strict";l.querySelector&&d.addEventListener&&"undefined"!=typeof URL&&(d.wp=d.wp||{},d.wp.receiveEmbedMessage||(d.wp.receiveEmbedMessage=function(e){var t=e.data;if((t||t.secret||t.message||t.value)&&!/[^a-zA-Z0-9]/.test(t.secret)){for(var s,r,n,a=l.querySelectorAll('iframe[data-secret="'+t.secret+'"]'),o=l.querySelectorAll('blockquote[data-secret="'+t.secret+'"]'),c=new RegExp("^https?:$","i"),i=0;i<o.length;i++)o[i].style.display="none";for(i=0;i<a.length;i++)s=a[i],e.source===s.contentWindow&&(s.removeAttribute("style"),"height"===t.message?(1e3<(r=parseInt(t.value,10))?r=1e3:~~r<200&&(r=200),s.height=r):"link"===t.message&&(r=new URL(s.getAttribute("src")),n=new URL(t.value),c.test(n.protocol))&&n.host===r.host&&l.activeElement===s&&(d.top.location.href=t.value))}},d.addEventListener("message",d.wp.receiveEmbedMessage,!1),l.addEventListener("DOMContentLoaded",function(){for(var e,t,s=l.querySelectorAll("iframe.wp-embedded-content"),r=0;r<s.length;r++)(t=(e=s[r]).getAttribute("data-secret"))||(t=Math.random().toString(36).substring(2,12),e.src+="#?secret="+t,e.setAttribute("data-secret",t)),e.contentWindow.postMessage({message:"ready",secret:t},"*")},!1)))}(window,document);
//# sourceURL=http://stanekbrandmeir.flostanek.at/wp-includes/js/wp-embed.min.js
/* ]]> */
</script>

Wir freuen uns sehr, dass unsere Stücke im Jahr 2022 an so vielen Orten zu sehen waren &#8211; konkret im gesamten deutschsprachigen Raum! Ein kleiner Jahresrückblick: Im Jänner 2022 fanden noch Vorstellungen von &#8222;Die fürchterlichen Fünf&#8220; an der Jungen Bühne Bern statt, einem bezaubernden Jugendtheater, tatsächlich &#8222;unter einer Brücke&#8220; (wie im Stück) gelegen und inRead More
